01 - -10101000101011001100001?
10101000101011001110110
In base 15, what is -c - -5e90bd?
5e90b1
In base 12, what is 10 - 2b810257?
-2b810247
In base 2, what is 10 + 111101011011010111011?
111101011011010111101
In base 9, what is -2246672 + 14?
-2246657
In base 9, what is -141013 - -116?
-140786
In base 5, what is 211411 + -1113?
210243
In base 6, what is -505 - 1042515?
-1043424
In base 13, what is -8a5 + -2cc8?
-38a0
In base 3, what is 10021012212012 + 120?
10021012212202
In base 9, what is -211441 - 83?
-211534
In base 10, what is -344 - -190286?
189942
In base 15, what is -79065 - a1?
-79116
In base 2, what is 11110001010000111 - 1111011?
11110001000001100
In base 12, what is -16a55 + -429?
-17282
In base 10, what is -40 + 212871?
212831
In base 7, what is 10640430 - -50?
10640510
In base 12, what is 175b + b94?
2733
In base 14, what is 29b229 - -2?
29b22b
In base 15, what is 3468 - 1a?
344d
In base 10, what is -7704576 + 4?
-7704572
In base 5, what is 3112323021 + 2?
3112323023
In base 11, what is 0 + -150886443?
-150886443
In base 16, what is 3563 + -24c?
3317
In base 3, what is 22121 + -101102020?
-101002122
In base 10, what is 330943 + 133?
331076
In base 7, what is 51554114 + 26?
51554143
In base 6, what is 1120112 - -1532?
1122044
In base 13, what is 1 + 473889?
47388a
In base 10, what is -7 + 11047?
11040
In base 16, what is 4 + -17129a6?
-17129a2
In base 11, what is -134 - -1168?
1034
In base 8, what is -2 + 103532426?
103532424
In base 14, what is -a58c3a7 - -2?
-a58c3a5
In base 2, what is -100000101100 - 1110000101110?
-10010001011010
In base 6, what is -2023323 + 12352?
-2010531
In base 11, what is -10 - -2a44336?
2a44326
In base 12, what is 2020 - -561?
2581
In base 3, what is 111 - 112000112101211?
-112000112101100
In base 14, what is -7c9676 - -9?
-7c966b
In base 10, what is -124848 + 762?
-124086
In base 3, what is -1011210201 - -10200?
-1011200001
In base 4, what is -3331001 - -32130?
-3232211
In base 9, what is -6 - -667451?
667444
In base 13, what is 7 + 3193209?
3193213
In base 13, what is 271 - 407?
-166
In base 13, what is 8198552 + 15?
8198567
In base 8, what is 1207230 - 4006?
1203222
In base 7, what is -15103436 - -131?
-15103305
In base 8, what is 6122237 + -220?
6122017
In base 13, what is 45879 - 28?
45851
In base 7, what is -123331463 + -4?
-123331500
In base 8, what is 2134005 - 2?
2134003
In base 6, what is 214 + 4543224?
4543442
In base 14, what is -a90b1c - -5?
-a90b17
In base 9, what is -3 + -13341220?
-13341223
In base 2, what is 1111 - 101110111100010110001?
-101110111100010100010
In base 14, what is -4 + 41485b1?
41485ab
In base 7, what is 365 + 1352226?
1352624
In base 9, what is 3087188 + -16?
3087172
In base 8, what is -70524232 - 3?
-70524235
In base 13, what is -375bc + 4?
-375b8
In base 16, what is 1 + -7a2398d?
-7a2398c
In base 5, what is 1030 - 204422?
-203342
In base 8, what is -35 - 12245247?
-12245304
In base 9, what is -2 - 2717678?
-2717681
In base 10, what is 3378 + 13717?
17095
In base 13, what is -1 + -14122282?
-14122283
In base 13, what is 4 + 4c5178?
4c517c
In base 15, what is 2116 + 652?
2768
In base 11, what is -3 + 14166a30?
14166a28
In base 2, what is -1000 + -10010011101110101010?
-10010011101110110010
In base 4, what is 11 + 22323033121?
22323033132
In base 3, what is -10121112011 + 10112211?
-10110222100
In base 14, what is -3 + -97813d?
-978142
In base 6, what is -20552053213 + 0?
-20552053213
In base 7, what is 156 - -141003555?
141004044
In base 16, what is dfd7c - -235?
dffb1
In base 14, what is -2357 + 18b?
-21aa
In base 8, what is 213 + -12343041?
-12342626
In base 7, what is -5256655 + 26?
-5256626
In base 3, what is 1210020110010122121 - 12?
1210020110010122102
In base 8, what is -4737 - 7215?
-14154
In base 9, what is 6603 + -120720?
-113116
In base 9, what is 585 - -84774?
85470
In base 5, what is -2203031 + 4320?
-2143211
In base 2, what is -1100010101101010 - 101001100?
-1100011010110110
In base 3, what is -22 + 1121001211100100?
1121001211100001
In base 15, what is 10767 + -1bba?
da9c
In base 11, what is 132792 - -19a?
132981
In base 3, what is 112 - 120010001221?
-120010001102
In base 7, what is -365 - -3634610?
3634212
In base 12, what is 71 + -13645a?
-1363a9
In base 5, what is 4042434 - -4043?
4102032
In base 14, what is -67abc + -69?
-67b47
In base 14, what is 3 + -66740b9?
-66740b6
In base 4, what is -203022030201 - 3?
-203022030210
In base 16, what is -3b8cf + 82?
-3b84d
In base 13, what is 1 - -1974892?
1974893
In base 4, what is 12322321 - 12130?
12310131
In base 6, what is 501 + -42013?
-41112
In base 8, what is 10607 + -45546?
-34737
In base 16, what is 20 + 3a3326?
3a3346
In base 6, what is 5 + -322513035?
-322513030
In base 11, what is -60313 + -349?
-60661
In base 2, what is 100101011010101101111101111111 - 1?
100101011010101101111101111110
In base 12, what is 1 - 7106742?
-7106741
In base 16, what is -824ba1 + -9?
-824baa
In base 6, what is -251 + -14445013?
-14445304
In base 3, what is 221011211110 - 222110?
221010212000
In base 3, what is 12201220212112 - 2020?
12201220210022
In base 12, what is 362217 - b?
362208
In base 13, what is -127 + -1a0c6a?
-1a1094
In base 14, what is -15bd637 - -6?
-15bd631
In base 12, what is b2417a - -5?
b24183
In base 15, what is -186a34c + -9?
-186a356
In base 6, what is -3 - -24432531?
24432524
In base 5, what is 303 + 404244?
410102
In base 3, what is -211220200021101021 - 2?
-211220200021101100
In base 13, what is -13 + 1121aac?
1121a99
In base 7, what is -1235 + -1412112?
-1413350
In base 14, what is 4085 + -3101?
d84
In base 8, what is -75256154 + -7?
-75256163
In base 11, what is 66441 + -9?
66433
In base 15, what is ed0 - 1cd?
d02
In base 5, what is -120 + 32121202?
32121032
In base 10, what is 140186545 - -2?
140186547
In base 9, what is -82030670 + 11?
-82030658
In base 6, what is -3123 + 11201?
4034
In base 13, what is 5922879b + 1?
5922879c
In base 12, what is -4 - 165b74b1?
-165b74b5
In base 10, what is -51856423 - 4?
-51856427
In base 11, what is 45351935 - 4?
45351931
In base 3, what is -100 - -11221101212112?
11221101212012
In base 2, what is -100101 + -110001101010001010?
-110001101010101111
In base 11, what is -a9246 + 5a7?
-a874a
In base 15, what is -240b - 8b4?
-2cc0
In base 14, what is -b936 - 793?
-c2c9
In base 7, what is 103 - 211232514?
-211232411
In base 11, what is -5 - -233857a?
2338575
In base 8, what is -3 - 62471156?
-62471161
In base 3, what is 11102122000 + 102211002?
11212110002
In base 4, what is -1002100312223 + 3?
-1002100312220
In base 2, what is 11100010111001111001 + 10100111?
11100010111100100000
In base 10, what is -10 + -7380590?
-7380600
In base 14, what is -464b1a0 + -5?
-464b1a5
In base 8, what is 6713 - -13410?
22323
In base 9, what is -4 - 4822877?
-4822882
In base 8, what is 2412 + 41520?
44132
In base 15, what is 10c - 59386?
-59279
In base 13, what is -18b - -139702?
139544
In base 9, what is 5316 - -5840?
12256
In base 15, what is 4759b - -11a?
476b6
In base 15, what is -7 - 8463a?
-84642
In base 7, what is -4 - 236424506?
-236424513
In base 11, what is -3 + 4277417?
4277414
In base 4, what is -22332312321303 - -2?
-22332312321301
In base 3, what is -11000100101201 - 2?
-11000100101210
In base 5, what is -11233 - -1424444?
1413211
In base 4, what is 1 + 1013230023222?
1013230023223
In base 11, what is 197 + -48a5?
-4709
In base 13, what is 1 - -572191?
572192
In base 3, what is -2010 + -20000220021221?
-20000220101001
In base 10, what is -349024 + -673?
-349697
In base 13, what is -5 + 544c11c?
544c117
In base 9, what is 213 - -375516?
375730
In base 10, what is 1191470 - -3?
1191473
In base 11, what is -4126 - 12212?
-16338
In base 11, what is -16 - 25796?
-25801
In base 6, what is -503 - -25503322?
25502415
In base 15, what is a5 - -2c09?
2cae
In base 2, what is -11000100000100110010 + -100001?
-11000100000101010011
In base 2, what is 1000000000 - 101110100111110?
-101101100111110
In base 2, what is 1101 + 101000010011001100101010?
101000010011001100110111
In base 14, what is 15c2 - -1035?
2617
In base 11, what is 5 + 9a0122?
9a0127
In base 5, what is -42 + -13111102023?
-13111102120
In base 9, what is -4 - -4402411?
4402406
In base 11, what is 3 + -27a4658?
-27a4